259?
6
What is the units digit of 24181277?
7
What is the hundred thousands digit of 16423311?
4
What is the tens digit of 1652380011?
1
What is the ten thousands digit of 1844106217?
0
What is the tens digit of 33120100?
0
What is the ten thousands digit of 181873562?
7
What is the ten thousands digit of 4056220926?
2
What is the millions digit of 102262388?
2
What is the thousands digit of 8524765?
4
What is the hundred thousands digit of 50555047?
5
What is the units digit of 4303489917?
7
What is the hundred thousands digit of 302407802?
4
What is the hundred thousands digit of 470226327?
2
What is the millions digit of 551165668?
1
What is the thousands digit of 2783777675?
7
What is the thousands digit of 1539098741?
8
What is the hundreds digit of 1697500425?
4
What is the millions digit of 109756748?
9
What is the units digit of 351843682?
2
What is the ten millions digit of 22106886?
2
What is the thousands digit of 144475930?
5
What is the billions digit of 1001179765?
1
What is the ten thousands digit of 197106202?
0
What is the ten millions digit of 1499614096?
9
What is the ten thousands digit of 26405838?
0
What is the tens digit of 3377846084?
8
What is the ten millions digit of 6042540331?
4
What is the hundreds digit of 47615856?
8
What is the units digit of 2797101?
1
What is the ten millions digit of 62348669?
6
What is the ten thousands digit of 331955560?
5
What is the ten millions digit of 1207593880?
0
What is the ten thousands digit of 29615103?
1
What is the billions digit of 3397530274?
3
What is the thousands digit of 198242245?
2
What is the hundred millions digit of 1236405213?
2
What is the hundreds digit of 133174512?
5
What is the thousands digit of 13519853?
9
What is the thousands digit of 465544164?
4
What is the hundreds digit of 6112680?
6
What is the ten thousands digit of 30797817?
9
What is the ten millions digit of 961298420?
6
What is the millions digit of 548346242?
8
What is the tens digit of 95397093?
9
What is the ten thousands digit of 153142696?
4
What is the thousands digit of 45713261?
3
What is the hundred millions digit of 466555018?
4
What is the thousands digit of 159052838?
2
What is the hundred thousands digit of 287220272?
2
What is the ten millions digit of 108945303?
0
What is the ten thousands digit of 631239005?
3
What is the thousands digit of 93938670?
8
What is the hundred thousands digit of 1400852451?
8
What is the units digit of 1717030169?
9
What is the units digit of 14107080?
0
What is the hundred millions digit of 215438830?
2
What is the ten millions digit of 2303689120?
0
What is the tens digit of 269441048?
4
What is the millions digit of 295911031?
5
What is the units digit of 107482699?
9
What is the ten millions digit of 19985657?
1
What is the thousands digit of 623196466?
6
What is the hundred thousands digit of 522560043?
5
What is the tens digit of 44697281?
8
What is the units digit of 6750194?
4
What is the ten thousands digit of 700310940?
1
What is the tens digit of 36311255?
5
What is the hundreds digit of 195430932?
9
What is the tens digit of 120949122?
2
What is the units digit of 364273087?
7
What is the ten thousands digit of 66823963?
2
What is the ten millions digit of 215258976?
1
What is the ten thousands digit of 775444181?
4
What is the thousands digit of 71752384?
2
What is the ten thousands digit of 2113433841?
3
What is the ten millions digit of 1012324754?
1
What is the billions digit of 2258196823?
2
What is the hundreds digit of 49210432?
4
What is the ten millions digit of 20170121?
2
What is the hundreds digit of 1900889119?
1
What is the hundreds digit of 1051252149?
1
What is the thousands digit of 66909856?
9
What is the millions digit of 32094731?
2
What is the millions digit of 44589530?
4
What is the ten millions digit of 2172648513?
7
What is the tens digit of 17563709?
0
What is the hundred millions digit of 345553983?
3
What is the hundred thousands digit of 1377925140?
9
What is the ten millions digit of 156383097?
5
What is the millions digit of 271159964?
1
What is the ten millions digit of 47817449?
4
What is the hundred millions digit of 187533003?
1
What is the ten millions digit of 7568343725?
6
What is the units digit of 173257423?
3
What is the hundred millions digit of 1374662779?
3
What is the tens digit of 76411687?
8
What is the millions digit of 116294527?
6
What is the millions digit of 1150432717?
0
What is the ten thousands digit of 6329052336?
5
What is the ten millions digit of 74035696?
7
What is the thousands digit of 20381044?
1
What is the tens digit of 42752213?
1
What is the units digit of 119826091?
1
What is the ten millions digit of 2280793114?
8
What is the thousands digit of 42091736?
1
What is the ten thousands digit of 51478870?
7
What is the ten thousands digit of 373364548?
6
What is the thousands digit of 2487700815?
0
What is the ten thousands digit of 84035893?
3
What is the ten thousands digit of 1109030573?
3
What is the tens digit of 2971064?
6
What is the thousands digit of 5470596702?
6
What is the hundred thousands digit of 297407274?
4
What is the hundred thousands digit of 124475882?
4
What is the units digit of 9480997?
7
What is the hundred millions digit of 240923363?
2
What is the hundred thousands digit of 716806105?
8
What is the ten millions digit of 17331427?
1
What is the hundreds digit of 118723835?
8
What is the billions digit of 3095151660?
3
What is the hundreds digit of 94410665?
6
What is the hundreds digit of 793583598?
5
What is the millions digit of 201072792?
1
What is the units digit of 525941081?
1
What is the ten millions digit of 20363462?
2
What is the millions digit of 99582898?
9
What is the tens digit of 26548263?
6
What is the millions digit of 55069828?
5
What is the hundred millions digit of 2631143881?
6
What is the ten thousands digit of 60406751?
0
What is the ten millions digit of 78003773?
7
What is the thousands digit of 335769345?
9
What is the tens digit of 157599142?
4
What is the units digit of 2881991266?
6
What is the ten thousands digit of 28205564?
0
What is the ten millions digit of 1354141738?
5
What is the units digit of 129032371?
1
What is the units digit of 1368875478?
8
What is the hundred thousands digit of 295874771?
8
What is the ten thousands digit of 1696673?
9
What is the ten millions digit of 123836955?
2
What is the ten millions digit of 14692857?
1
What is the tens digit of 457035735?
3
What is the hundreds digit of 1672957775?
7
What is the units digit of 450485676?
6
What is the units digit of 919155426?
6
What is the units digit of 6417215?
5
What is the hundreds digit of 56996250?
2
What is the thousands digit of 318225125?
5
What is the ten millions digit of 201606711?
0
What is the hundreds digit of 763217?
2
What is the units digit of 10814379?
9
What is the thousands digit of 4058783036?
3
What is the tens digit of 308621385?
8
What is the ten millions digit of 18982795?
1
What is the units digit of 368091979?
9
What is the hundred thousands digit of 138728750?
7
What is the millions digit of 336873237?
6
What is the ten thousands digit of 2283591244?
9
What is the ten thousands digit of 1270099230?
9
What is the ten millions digit of 168197423?
6
What is the hundred thousands digit of 431811434?
8
What is the billions digit of 2566422765?
2
What is the thousands digit of 569001660?
1
What is the ten millions digit of 2385669315?
8
What is the hundred millions digit of 1285383943?
2
What is the thousands digit of 139128788?
8
What is the billions digit of 2126660526?
2
What is the tens digit of 2647705?
0
What is the hundred thousands digit of 962891831?
8
What is the units digit of 102430806?
6
What is the thousands digit of 425734331?
4
What is the millions digit of 1261287885?
1
What is the units digit of 2256603306?
6
What is the tens digit of 181598829?
2
What is the hundred thousands digit of 197783508?
7
What is the millions digit of 605650402?
5
What is the thousands digit of 11790653?
0
What is the millions digit of 404364859?
4
What is the millions digit of 1278505495?
8
What is the ten millions digit of 847337103?
4
What is the hundreds digit of 4764150823?
8
What is the units digit of 29566994?
4
What is